
Let b = -4 - -8. Suppose b = q - 4. Suppose 2*y - 146 + q = -4*a, -y - 190 = -5*a. Is a a composite number?
False
Let u(s) = -11*s - 121. Let i be u(-11). Let z(j) be the third derivative of -j**6/120 + j**4/24 + 7*j**3/6 + j**2. Is z(i) composite?
False
Let j(o) = -567*o + 497. Is j(-6) composite?
True
Suppose 4*v = 7*v - 24. Suppose 0 = 7*z - 57 + v. Is z a composite number?
False
Let v be ((-133062)/18)/(1/(-3)). Suppose -v = -4*d + s, -2*d = -5*d + 5*s + 16620. Is d composite?
True
Let f = 1097 + 1131. Let m = 3701 - f. Is m prime?
False
Let r(g) = -5*g - 2. Let q be (-20)/5*-1 + -5. Let x be r(q). Suppose x*b - b - 1258 = 0. Is b prime?
False
Let q(i) = 1. Let t(h) = -16*h + 2. Let s(o) = -3*q(o) + t(o). Suppose f - 5 + 13 = 0. Is s(f) a composite number?
False
Let r = -650 - -9507. Is r composite?
True
Let a = -18 - -18. Suppose 4*u = -a*t - 3*t + 39, 0 = 3*t - u - 24. Suppose 4753 = t*n - 3068. Is n a composite number?
True
Suppose u + 6721 = k, -4*u + 3*u + 33593 = 5*k. Is k a composite number?
False
Is 177771/(7 + 5 + -9) a prime number?
False
Suppose 0*c - 7 = -b - 4*c, 0 = b - c - 22. Let d(r) = -r**2 + 26*r + 16. Is d(b) a prime number?
True
Suppose -6097 = 401*x - 408*x. Is x a prime number?
False
Suppose 0 = -5*m - 10, 3*z = -0*m - m + 4. Suppose 3*l = -z*l + 3715. Is l prime?
True
Let q(a) = -11*a + 10*a + 2 - 1 + 0*a + 305*a**2. Is q(-1) composite?
False
Let w(u) = 2*u**2 - 5*u + 3. Let k be w(3). Suppose -9*t + 1038 = -k*t. Is t a composite number?
True
Suppose 6*u - u + 4*a - 301 = 0, 4*u - 236 = -2*a. Is (-51)/(-1)*2*u/18 a prime number?
False
Suppose -5*d = -0*d - 143875. Is (-2)/(-8) + d/20 a prime number?
True
Let w(n) be the third derivative of n**5/20 - n**4/6 - 3*n**3 + 9*n**2. Is w(8) prime?
False
Suppose -35 = -2*d - t, -4*d - 2*t + 64 = -6*t. Let k = -17 + d. Suppose k*q - 710 = -5*q. Is q a prime number?
False
Let r be -5*3/(-15) - 3. Let q(f) = 86*f**2 - 3*f - 3. Is q(r) composite?
False
Suppose -3*g - 12 = 2*j, 0 = -5*g - 2*j + 3 - 27. Is (-2)/(g/1797 - (-5 + 5)) composite?
False
Suppose -60 = -28*r + 24*r. Suppose 5 = -h - 3*p, p + 25 - 6 = 4*h. Is (2510/r)/(h/6) a composite number?
False
Suppose 0 = a + 5*b + 15, -2*b = 2*a - 3*b - 3. Suppose -5*u + 4*d = -879, a*d = 5*u + 3*d - 907. Is u a prime number?
True
Suppose 2*q - 2 = 2. Suppose 0*o = -o - 2*h + q, o - 1 = -h. Suppose -g + 230 + 63 = o. Is g composite?
False
Let m = -22 + 34. Suppose -3*q + 27 = -2*c - m, c + 65 = 5*q. Is q a prime number?
True
Let r = -31208 - -46561. Is r a prime number?
False
Is (-3 - -4)*0*-1 + 1009 composite?
False
Let b(j) = 0*j + 0*j + 713 + 176 - 2*j. Is b(0) prime?
False
Let z(d) = -512*d + 985. Is z(-7) a prime number?
False
Suppose 5*s - 3*w - 55690 = 0, -5*s + 5*w - 30318 + 86008 = 0. Is s prime?
False
Let g be 27928/16 - 2/(-4). Suppose 0 = 2*o - 2*w - g, w + 4 - 2 = 0. Is o a prime number?
False
Let c(s) = 7*s**3 - 7*s**2 + 2*s + 8. Is c(5) prime?
False
Let w be 3 + -1 + (6 - 208). Let d = 311 + w. Is d prime?
False
Let a = 3169 - 2031. Is a prime?
False
Is 156/(-104)*(-15338)/3 a composite number?
False
Let b(g) = -21*g**3 + g**2 + 11*g - 5. Let f = -82 + 74. Is b(f) prime?
True
Suppose 4*b - 600 = 4*u, -7*b + 285 = -5*b + u. Is b composite?
True
Let y = 41 + -45. Is (-5 - y)/(2*(-2)/1268) composite?
False
Let t = -84 - -142. Suppose -42 - t = -5*p. Is (p - (-3 - 0))*1 a composite number?
False
Let s = -36 + 36. Let z be -2 - (4 - 3) - s. Is (0 - -875) + -1 - z composite?
False
Suppose y - 2*f = 0, 3*f + 1 = -8. Let m(j) = j**3 + 5*j**2 + 5*j + 2. Let b be m(y). Is (-13704)/b - (-2)/(-16) a prime number?
False
Let h = 16214 - 9409. Is h a prime number?
False
Let m = -275 + 633. Let f = 375 + -381. Is ((-15)/f*m)/1 composite?
True
Let u be 4*(71/(-12))/(1/9). Is 2*(3 - 4) - u composite?
False
Suppose 5*k - 608 = 3*k. Suppose 5*h = 0, -a - 49 = -5*h - 376. Let z = k + a. Is z composite?
False
Let u(o) = 616*o**2 - 4*o + 21. Is u(5) a prime number?
True
Is 12/21 + 2681322/98 composite?
False
Let r(a) = -23*a + 10367. Is r(0) prime?
False
Suppose 3*q - 3569 = 349. Let b be ((-384)/(-224))/(2/7). Suppose -q = 4*p - b*p. Is p a prime number?
True
Suppose 0 = -3*s + 4*s + 4. Let k be (2/s)/(2/(-16)). Is 77/k*(-36)/(-9) composite?
True
Suppose 4*s - 8 = -4*m, -m + 13 - 3 = -s. Suppose m*t - 7282 + 1564 = 0. Is t a prime number?
True
Let p = -35 + 37. Suppose -p*o - 52 = -4*o. Is o composite?
True
Suppose u - 2*w - 2 = -3*w, 3*u - 4*w + 8 = 0. Suppose u*s = -3*s + 2022. Is s a composite number?
True
Let u = 33 - 33. Suppose -2*d - 3*t - 3 = 0, d + u*d = -t. Suppose 229 = j + 3*j - d*g, g - 162 = -3*j. Is j prime?
False
Let k(d) = -159*d + 498. Is k(-41) a composite number?
True
Suppose -6*z = -4*z + 2*a - 50, -2*a = -z + 13. Let l = z - 21. Suppose 0 = 9*g - 4*g - 4*p - 571, l = 3*g - p - 344. Is g a prime number?
False
Let f(n) = 118*n**2 - 15*n + 40. Is f(-9) a composite number?
False
Let x(m) = 389*m**2 - 6*m + 38. Is x(-5) prime?
False
Let l(c) = 31*c**2 + 2*c + 3. Let f = 12 - 11. Let u be 42/(-18) - f/(-3). Is l(u) prime?
False
Let t(d) = d**2 + 14*d + 8. Let n be t(-13). Is (-127)/(n + 4 + 0) a composite number?
False
Let n be 5482/6 - 4/(-12). Suppose -6*c + 2*r + 3728 = -2*c, 5*r = c - n. Suppose -z - 298 = -4*l + c, -l + z = -311. Is l composite?
False
Suppose 0*n - 38898 = -4*n + 5*g, -n - 2*g + 9731 = 0. Is n prime?
False
Suppose 5*d - 3*q - q + 1435 = 0, 3*d = -4*q - 861. Suppose 361 = -2*r - 3*i - 455, 0 = -5*r + i - 2074. Let h = d - r. Is h prime?
True
Suppose q = 717 - 53. Let x = -371 + q. Is x prime?
True
Is (8/(-32))/((-1)/10244) composite?
True
Let a(g) = -9*g + 5*g + 34 + 7*g. Is a(0) a composite number?
True
Suppose -4*b + 42 = 5*n - 63, 0 = -3*n + 2*b + 85. Suppose 3*s - n = -2*s. Suppose -s*d + l + 4443 = -l, -3*l = 2*d - 1781. Is d a prime number?
False
Let k be 3 + -1 + -2 + 0. Suppose 0 = -3*f - k*f - 12. Is (f/(-2) + -3)*-409 a prime number?
True
Let b = 388183 + -586897. Is b/(-66) - (-6)/33 a prime number?
True
Suppose -1977 - 1143 = -3*n - 3*v, 0 = n + 4*v - 1025. Let u = 3676 - n. Is u composite?
True
Suppose -3*n - 4*g + 54166 = 0, 6*n - 5*g = n + 90300. Is n a prime number?
False
Let m be (-33)/6 - 3/6. Let r(z) = -5*z - 3. Let f be r(m). Suppose 0 = -c + f + 62. Is c prime?
True
Let m be (1 - 1)/(-1) - -2. Let v = m + -13. Let u = v - -262. Is u composite?
False
Suppose -9*j = -5*j - 8. Let n be (27 + -1)*(-1)/j. Let r = n + 20. Is r prime?
True
Is ((-2457)/(-28) - 5)*44 a prime number?
False
Let f(j) = j**3 - 2*j**2 - 4*j - 6. Let o be f(4). Suppose -11*y = -o*y - 685. Is y a prime number?
False
Let u(h) = -h**3 - 13*h**2 - 23*h - 14. Suppose 0 = -19*o + 16*o - 45. Is u(o) prime?
False
Let w be (11/(-22))/(1/9166). Let y = w - -6556. Is y composite?
False
Let v be 10 + -2*1/2. Let o(n) = -12*n + 11. Let y be o(v). Is y*(-2)/(0 + 2) prime?
True
Suppose 7*n - 4*n - 9 = 0. Is 35 - (2 - (5 - n)) prime?
False
Let n = 8875 + 7444. Is n a prime number?
True
Suppose -2*q + 4371 - 69 = 5*v, 3*q - 1712 = -2*v. Let j = -489 + v. Is j prime?
True
Let i(x) = -2*x**3 - 7*x**2 - 9*x + 29. Is i(-15) composite?
True
Let o = 52 + -46. Suppose f = 2*b + o*f - 771, -2*b - 2*f = -756. Is b a prime number?
True
Let m be 24/16*(-2)/3. Let p be (-2)/4*(m + -3). Suppose -c = l - 3*c - 90, 0 = -p*c + 4. Is l prime?
False
Suppose -r - 2*b - 5 = -4*b, 5*b = 3*r + 11. Let c = r - -2. Suppose 70 = 2*n - f, c*n - 67 = 5*f + 108. Is n a prime number?
False
Let r be (1*-1)/((102/4536)/(-17)). Suppose 5*v - r = 29. Is v prime?
True
Suppose -4*f + 3808 = -4*v, f - 2856 = 3*v + 5*f. Let z = 1457 + v. Is z a prime number?
False
Let m(h) = -10*h**3 + 2*h**2 + 3*h + 1. Suppose -6 - 2 = 4*v. Let s be (-2 - v - 4) + 2. Is m(s) composite?
False
Let k(c) = c**2 + 2*c - 385. Let g be k(0). Let d = g + 653. Let b = d + -153. Is b composite?
True
Suppose -2*x - 3*h - 3 + 20 = 0, 5*x - 2*h = 14. Let q(u) = 3*u**2 - x*u**2 - 13*u + 9 + 0*u**2. Is q(-11) composite?
False
Let t(j) = -14*j**3 + 9*j**2 - 2*j + 37. Let k be t(7). Let p = 6097 + k. Is p prime?
True
Suppose -5*w + 123099 = 4*t, -w - 2*t + 14514 = -10101. Is w a composite number?
False
Suppose 3*o + c = 4, 5*c = 2*o + 12 + 8. Suppose -4*r - 4*v + 8*v + 1348 = o, 2*v - 674 = -